{"id":8,"date":"2019-10-06T01:02:56","date_gmt":"2019-10-05T23:02:56","guid":{"rendered":"http:\/\/ombrepatine.com\/?page_id=8"},"modified":"2021-09-08T12:55:07","modified_gmt":"2021-09-08T10:55:07","slug":"accueil","status":"publish","type":"page","link":"https:\/\/ombrepatine.com\/","title":{"rendered":"Une nouvelle vie pour vos meubles!"},"content":{"rendered":"<p><strong>De l&rsquo;ombre \u00e0 la Patine<\/strong> les magnifie et les rend uniques.<br \/>Vous serez heureux de ne pas avoir le mobilier de Monsieur Toulemonde !<\/p>\n<p>De l\u2019Ombre \u00e0 la Patine\u2026 Vous avez bien compris que le nom de l\u2019Atelier n\u2019est autre qu\u2019un clin \u0153il \u00e0 l\u2019ombre et \u00e0 la lumi\u00e8re.<\/p>\n<p>L\u2019ombre, c\u2019est un meuble (une sculpture, un pl\u00e2tre, une cuisine int\u00e9gr\u00e9e&#8230;). Il est sombre, triste, d\u00e9mod\u00e9, peut-\u00eatre m\u00eame ab\u00eem\u00e9, pourtant il est de belle facture, vous y \u00eates attach\u00e9 mais il dort au grenier ou dans le garage. Vous savez malgr\u00e9 tout que ce serait un non-sens de vous en d\u00e9barrasser et qu\u2019il finisse dans un container de la d\u00e9chetterie\u00a0! Comme vous avez raison car c\u2019est l\u00e0 que j\u2019interviens pour mener votre \u00ab\u00a0prot\u00e9g\u00e9\u00a0\u00bb vers la lumi\u00e8re, vers la patine&#8230; Nous y voil\u00e0\u00a0!<\/p>\n<div>Ensemble nous allons \u00e9laborer un projet afin d\u2019offrir \u00e0 votre mobilier plus qu\u2019un second souffle, une nouvelle vie\u00a0!<\/div>\n<div>Il sera classique, \u00e9l\u00e9gant, sobre ou exub\u00e9rant, discret ou color\u00e9, mais il correspondra \u00e0 votre personnalit\u00e9, \u00e0 votre int\u00e9rieur et \u00e0 vos souhaits. Ce sera une pi\u00e8ce unique, qui se d\u00e9marquera des standards actuels\u00a0!<\/div>\n\n\n<blockquote class=\"wp-block-quote has-text-align-center\"><p><strong>A chacun sa vie, A chacun son style, A chacun sa patine&nbsp;!<\/strong><\/p><\/blockquote>\n\n\n\n<div class=\"wp-block-jetpack-tiled-gallery aligncenter is-style-circle\"><div class=\"tiled-gallery__gallery\"><div class=\"tiled-gallery__row columns-4\"><div class=\"tiled-gallery__col\"><figure class=\"tiled-gallery__item\"><img srcset=\"https:\/\/i1.wp.com\/ombrepatine.com\/wp-content\/uploads\/2020\/06\/Buffet-2-portes-annes-50-33-1600.jpg?resize=600,600&#038;strip=info 600w,https:\/\/i1.wp.com\/ombrepatine.com\/wp-content\/uploads\/2020\/06\/Buffet-2-portes-annes-50-33-1600.jpg?resize=900,900&#038;strip=info 900w,https:\/\/i1.wp.com\/ombrepatine.com\/wp-content\/uploads\/2020\/06\/Buffet-2-portes-annes-50-33-1600.jpg?resize=1200,1200&#038;strip=info 1200w\" alt=\"\" data-height=\"1200\" data-id=\"147\" data-link=\"http:\/\/ombrepatine.com\/index.php\/rl_gallery\/avant-apres\/buffet-2-portes-annes-50-33-1600\/\" data-url=\"http:\/\/ombrepatine.com\/wp-content\/uploads\/2020\/06\/Buffet-2-portes-annes-50-33-1600.jpg\" data-width=\"1600\" src=\"https:\/\/i1.wp.com\/ombrepatine.com\/wp-content\/uploads\/2020\/06\/Buffet-2-portes-annes-50-33-1600.jpg?resize=1200%2C1200\" data-amp-layout=\"responsive\"\/><\/figure><\/div><div class=\"tiled-gallery__col\"><figure class=\"tiled-gallery__item\"><img srcset=\"https:\/\/i0.wp.com\/ombrepatine.com\/wp-content\/uploads\/2020\/02\/83772845_619353348896171_1154027690613800960_n.jpg?resize=600,600&#038;strip=info 600w,https:\/\/i0.wp.com\/ombrepatine.com\/wp-content\/uploads\/2020\/02\/83772845_619353348896171_1154027690613800960_n.jpg?resize=720,720&#038;strip=info 720w\" alt=\"\" data-height=\"720\" data-id=\"74\" data-link=\"http:\/\/ombrepatine.com\/?attachment_id=74\" data-url=\"http:\/\/ombrepatine.com\/wp-content\/uploads\/2020\/02\/83772845_619353348896171_1154027690613800960_n.jpg\" data-width=\"960\" src=\"https:\/\/i0.wp.com\/ombrepatine.com\/wp-content\/uploads\/2020\/02\/83772845_619353348896171_1154027690613800960_n.jpg?resize=720%2C720\" data-amp-layout=\"responsive\"\/><\/figure><\/div><div class=\"tiled-gallery__col\"><figure class=\"tiled-gallery__item\"><img srcset=\"https:\/\/i0.wp.com\/ombrepatine.com\/wp-content\/uploads\/2019\/10\/53706653_392420038256171_2816659193602244608_n.jpg?resize=600,600&#038;strip=info 600w,https:\/\/i0.wp.com\/ombrepatine.com\/wp-content\/uploads\/2019\/10\/53706653_392420038256171_2816659193602244608_n.jpg?resize=720,720&#038;strip=info 720w\" alt=\"\" data-height=\"960\" data-id=\"48\" data-link=\"http:\/\/ombrepatine.com\/index.php\/contact\/53706653_392420038256171_2816659193602244608_n\/\" data-url=\"http:\/\/ombrepatine.com\/wp-content\/uploads\/2019\/10\/53706653_392420038256171_2816659193602244608_n.jpg\" data-width=\"720\" src=\"https:\/\/i0.wp.com\/ombrepatine.com\/wp-content\/uploads\/2019\/10\/53706653_392420038256171_2816659193602244608_n.jpg?resize=720%2C720\" data-amp-layout=\"responsive\"\/><\/figure><\/div><div class=\"tiled-gallery__col\"><figure class=\"tiled-gallery__item\"><img srcset=\"https:\/\/i0.wp.com\/ombrepatine.com\/wp-content\/uploads\/2019\/10\/cropped-header-1.jpg?resize=600,600&#038;strip=info 600w,https:\/\/i0.wp.com\/ombrepatine.com\/wp-content\/uploads\/2019\/10\/cropped-header-1.jpg?resize=900,900&#038;strip=info 900w,https:\/\/i0.wp.com\/ombrepatine.com\/wp-content\/uploads\/2019\/10\/cropped-header-1.jpg?resize=1200,1200&#038;strip=info 1200w\" alt=\"\" data-height=\"1200\" data-id=\"18\" data-link=\"http:\/\/ombrepatine.com\/cropped-header-1-jpg\/\" data-url=\"http:\/\/ombrepatine.com\/wp-content\/uploads\/2019\/10\/cropped-header-1.jpg\" data-width=\"2000\" src=\"https:\/\/i0.wp.com\/ombrepatine.com\/wp-content\/uploads\/2019\/10\/cropped-header-1.jpg?resize=1200%2C1200\" data-amp-layout=\"responsive\"\/><\/figure><\/div><\/div><\/div><\/div>\n\n\n\n<p><\/p>\n","protected":false},"excerpt":{"rendered":"<p>De l&rsquo;ombre \u00e0 la Patine les magnifie et les rend uniques.Vous serez heureux de ne pas avoir le mobilier de Monsieur Toulemonde ! De l\u2019Ombre \u00e0 la Patine\u2026 Vous avez bien compris que le nom de l\u2019Atelier n\u2019est autre qu\u2019un clin \u0153il \u00e0 l\u2019ombre et \u00e0 la lumi\u00e8re. L\u2019ombre, c\u2019est un meuble (une sculpture, un pl\u00e2tre, une cuisine int\u00e9gr\u00e9e&#8230;). Il est sombre, triste, d\u00e9mod\u00e9, peut-\u00eatre m\u00eame ab\u00eem\u00e9, pourtant il est de belle facture, vous y \u00eates attach\u00e9 mais il dort au grenier ou dans le garage. Vous savez malgr\u00e9 tout que ce serait un non-sens de vous en d\u00e9barrasser et qu\u2019il finisse dans un container de la d\u00e9chetterie\u00a0! Comme vous avez raison car c\u2019est l\u00e0 que j\u2019interviens pour mener votre \u00ab\u00a0prot\u00e9g\u00e9\u00a0\u00bb vers la lumi\u00e8re, vers la patine&#8230; Nous y voil\u00e0\u00a0! Ensemble nous allons \u00e9laborer un projet afin d\u2019offrir \u00e0 votre mobilier plus qu\u2019un second souffle, une nouvelle vie\u00a0! Il sera classique, \u00e9l\u00e9gant, sobre ou exub\u00e9rant, discret ou color\u00e9, mais il correspondra \u00e0 votre personnalit\u00e9, \u00e0 votre int\u00e9rieur et \u00e0 vos souhaits. Ce sera une pi\u00e8ce unique, qui se d\u00e9marquera des standards actuels\u00a0! A chacun sa vie, A chacun son style, A chacun sa patine&nbsp;!<\/p>\n","protected":false},"author":1,"featured_media":0,"parent":0,"menu_order":1,"comment_status":"closed","ping_status":"closed","template":"","meta":{"_monsterinsights_skip_tracking":false,"_monsterinsights_sitenote_active":false,"_monsterinsights_sitenote_note":"","_monsterinsights_sitenote_category":0,"spay_email":""},"jetpack_sharing_enabled":true,"_links":{"self":[{"href":"https:\/\/ombrepatine.com\/index.php\/wp-json\/wp\/v2\/pages\/8"}],"collection":[{"href":"https:\/\/ombrepatine.com\/index.php\/wp-json\/wp\/v2\/pages"}],"about":[{"href":"https:\/\/ombrepatine.com\/index.php\/wp-json\/wp\/v2\/types\/page"}],"author":[{"embeddable":true,"href":"https:\/\/ombrepatine.com\/index.php\/wp-json\/wp\/v2\/users\/1"}],"replies":[{"embeddable":true,"href":"https:\/\/ombrepatine.com\/index.php\/wp-json\/wp\/v2\/comments?post=8"}],"version-history":[{"count":23,"href":"https:\/\/ombrepatine.com\/index.php\/wp-json\/wp\/v2\/pages\/8\/revisions"}],"predecessor-version":[{"id":269,"href":"https:\/\/ombrepatine.com\/index.php\/wp-json\/wp\/v2\/pages\/8\/revisions\/269"}],"wp:attachment":[{"href":"https:\/\/ombrepatine.com\/index.php\/wp-json\/wp\/v2\/media?parent=8"}],"curies":[{"name":"wp","href":"https:\/\/api.w.org\/{rel}","templated":true}]}}

<p><strong>De l&rsquo;ombre à la Patine</strong> les magnifie et les rend uniques.<br />Vous serez heureux de ne pas avoir le mobilier de Monsieur Toulemonde !</p>
<p>De l’Ombre à la Patine… Vous avez bien compris que le nom de l’Atelier n’est autre qu’un clin œil à l’ombre et à la lumière.</p>
<p>L’ombre, c’est un meuble (une sculpture, un plâtre, une cuisine intégrée&#8230;). Il est sombre, triste, démodé, peut-être même abîmé, pourtant il est de belle facture, vous y êtes attaché mais il dort au grenier ou dans le garage. Vous savez malgré tout que ce serait un non-sens de vous en débarrasser et qu’il finisse dans un container de la déchetterie ! Comme vous avez raison car c’est là que j’interviens pour mener votre « protégé » vers la lumière, vers la patine&#8230; Nous y voilà !</p>
<div>Ensemble nous allons élaborer un projet afin d’offrir à votre mobilier plus qu’un second souffle, une nouvelle vie !</div>
<div>Il sera classique, élégant, sobre ou exubérant, discret ou coloré, mais il correspondra à votre personnalité, à votre intérieur et à vos souhaits. Ce sera une pièce unique, qui se démarquera des standards actuels !</div>


<blockquote class="wp-block-quote has-text-align-center"><p><strong>A chacun sa vie, A chacun son style, A chacun sa patine&nbsp;!</strong></p></blockquote>



<div class="wp-block-jetpack-tiled-gallery aligncenter is-style-circle"><div class="tiled-gallery__gallery"><div class="tiled-gallery__row columns-4"><div class="tiled-gallery__col"><figure class="tiled-gallery__item"><img srcset="https://i1.wp.com/ombrepatine.com/wp-content/uploads/2020/06/Buffet-2-portes-annes-50-33-1600.jpg?resize=600,600&#038;strip=info 600w,https://i1.wp.com/ombrepatine.com/wp-content/uploads/2020/06/Buffet-2-portes-annes-50-33-1600.jpg?resize=900,900&#038;strip=info 900w,https://i1.wp.com/ombrepatine.com/wp-content/uploads/2020/06/Buffet-2-portes-annes-50-33-1600.jpg?resize=1200,1200&#038;strip=info 1200w" alt="" data-height="1200" data-id="147" data-link="http://ombrepatine.com/index.php/rl_gallery/avant-apres/buffet-2-portes-annes-50-33-1600/" data-url="http://ombrepatine.com/wp-content/uploads/2020/06/Buffet-2-portes-annes-50-33-1600.jpg" data-width="1600" src="https://i1.wp.com/ombrepatine.com/wp-content/uploads/2020/06/Buffet-2-portes-annes-50-33-1600.jpg?resize=1200%2C1200" data-amp-layout="responsive"/></figure></div><div class="tiled-gallery__col"><figure class="tiled-gallery__item"><img srcset="https://i0.wp.com/ombrepatine.com/wp-content/uploads/2020/02/83772845_619353348896171_1154027690613800960_n.jpg?resize=600,600&#038;strip=info 600w,https://i0.wp.com/ombrepatine.com/wp-content/uploads/2020/02/83772845_619353348896171_1154027690613800960_n.jpg?resize=720,720&#038;strip=info 720w" alt="" data-height="720" data-id="74" data-link="http://ombrepatine.com/?attachment_id=74" data-url="http://ombrepatine.com/wp-content/uploads/2020/02/83772845_619353348896171_1154027690613800960_n.jpg" data-width="960" src="https://i0.wp.com/ombrepatine.com/wp-content/uploads/2020/02/83772845_619353348896171_1154027690613800960_n.jpg?resize=720%2C720" data-amp-layout="responsive"/></figure></div><div class="tiled-gallery__col"><figure class="tiled-gallery__item"><img srcset="https://i0.wp.com/ombrepatine.com/wp-content/uploads/2019/10/53706653_392420038256171_2816659193602244608_n.jpg?resize=600,600&#038;strip=info 600w,https://i0.wp.com/ombrepatine.com/wp-content/uploads/2019/10/53706653_392420038256171_2816659193602244608_n.jpg?resize=720,720&#038;strip=info 720w" alt="" data-height="960" data-id="48" data-link="http://ombrepatine.com/index.php/contact/53706653_392420038256171_2816659193602244608_n/" data-url="http://ombrepatine.com/wp-content/uploads/2019/10/53706653_392420038256171_2816659193602244608_n.jpg" data-width="720" src="https://i0.wp.com/ombrepatine.com/wp-content/uploads/2019/10/53706653_392420038256171_2816659193602244608_n.jpg?resize=720%2C720" data-amp-layout="responsive"/></figure></div><div class="tiled-gallery__col"><figure class="tiled-gallery__item"><img srcset="https://i0.wp.com/ombrepatine.com/wp-content/uploads/2019/10/cropped-header-1.jpg?resize=600,600&#038;strip=info 600w,https://i0.wp.com/ombrepatine.com/wp-content/uploads/2019/10/cropped-header-1.jpg?resize=900,900&#038;strip=info 900w,https://i0.wp.com/ombrepatine.com/wp-content/uploads/2019/10/cropped-header-1.jpg?resize=1200,1200&#038;strip=info 1200w" alt="" data-height="1200" data-id="18" data-link="http://ombrepatine.com/cropped-header-1-jpg/" data-url="http://ombrepatine.com/wp-content/uploads/2019/10/cropped-header-1.jpg" data-width="2000" src="https://i0.wp.com/ombrepatine.com/wp-content/uploads/2019/10/cropped-header-1.jpg?resize=1200%2C1200" data-amp-layout="responsive"/></figure></div></div></div></div>



<p></p>

<p>De l&rsquo;ombre à la Patine les magnifie et les rend uniques.Vous serez heureux de ne pas avoir le mobilier de Monsieur Toulemonde ! De l’Ombre à la Patine… Vous avez bien compris que le nom de l’Atelier n’est autre qu’un clin œil à l’ombre et à la lumière. L’ombre, c’est un meuble (une sculpture, un plâtre, une cuisine intégrée&#8230;). Il est sombre, triste, démodé, peut-être même abîmé, pourtant il est de belle facture, vous y êtes attaché mais il dort au grenier ou dans le garage. Vous savez malgré tout que ce serait un non-sens de vous en débarrasser et qu’il finisse dans un container de la déchetterie ! Comme vous avez raison car c’est là que j’interviens pour mener votre « protégé » vers la lumière, vers la patine&#8230; Nous y voilà ! Ensemble nous allons élaborer un projet afin d’offrir à votre mobilier plus qu’un second souffle, une nouvelle vie ! Il sera classique, élégant, sobre ou exubérant, discret ou coloré, mais il correspondra à votre personnalité, à votre intérieur et à vos souhaits. Ce sera une pièce unique, qui se démarquera des standards actuels ! A chacun sa vie, A chacun son style, A chacun sa patine&nbsp;!</p>
