{"id":95,"date":"2020-06-23T11:01:54","date_gmt":"2020-06-23T09:01:54","guid":{"rendered":"http:\/\/ombrepatine.com\/?page_id=95"},"modified":"2021-09-08T12:30:22","modified_gmt":"2021-09-08T10:30:22","slug":"services-prestations","status":"publish","type":"page","link":"https:\/\/ombrepatine.com\/index.php\/services-prestations\/","title":{"rendered":"Services &#038; Prestations"},"content":{"rendered":"\n<ul><li>Patines et peintures 100 % naturelles,<\/li><li>Cire d&rsquo;abeille faite maison,<\/li><li>Peintures personnalisables avec une large gamme de couleurs,<\/li><li>Relooking, <\/li><li>Petite  Restauration, <\/li><li>Large choix de projets d\u00e9coratifs, <\/li><li>Techniques actuelles comme du  XVIII<sup>\u00e8me<\/sup>, <\/li><li>Imitations de mati\u00e8res,<\/li><li>&#8230;<\/li><\/ul>\n\n\n\n<div class=\"wp-block-buttons is-content-justification-center\">\n<div class=\"wp-block-button is-style-outline\"><a class=\"wp-block-button__link\" href=\"http:\/\/ombrepatine.com\/index.php\/mes-creations\/\">R\u00e9alisations<\/a><\/div>\n\n\n\n<div class=\"wp-block-button is-style-outline\"><a class=\"wp-block-button__link\" href=\"http:\/\/ombrepatine.com\/index.php\/tarifs\/\">Tarifs<\/a><\/div>\n<\/div>\n\n\n\n<h3><span style=\"color:#dd9933\" class=\"has-inline-color\">Stages<\/span><\/h3>\n\n\n\n<p>Programmation \u00e0 venir&#8230;<\/p>\n\n\n\n<div class=\"wp-block-jetpack-tiled-gallery aligncenter is-style-circle\"><div class=\"tiled-gallery__gallery\"><div class=\"tiled-gallery__row columns-4\"><div class=\"tiled-gallery__col\"><figure class=\"tiled-gallery__item\"><img srcset=\"https:\/\/i0.wp.com\/ombrepatine.com\/wp-content\/uploads\/2020\/06\/20191006_165435_001-1600.jpg?resize=600,600&#038;strip=info 600w,https:\/\/i0.wp.com\/ombrepatine.com\/wp-content\/uploads\/2020\/06\/20191006_165435_001-1600.jpg?resize=900,900&#038;strip=info 900w,https:\/\/i0.wp.com\/ombrepatine.com\/wp-content\/uploads\/2020\/06\/20191006_165435_001-1600.jpg?resize=1200,1200&#038;strip=info 1200w,https:\/\/i0.wp.com\/ombrepatine.com\/wp-content\/uploads\/2020\/06\/20191006_165435_001-1600.jpg?resize=1500,1500&#038;strip=info 1500w,https:\/\/i0.wp.com\/ombrepatine.com\/wp-content\/uploads\/2020\/06\/20191006_165435_001-1600.jpg?resize=1600,1600&#038;strip=info 1600w\" alt=\"\" data-height=\"2133\" data-id=\"137\" data-link=\"http:\/\/ombrepatine.com\/index.php\/rl_gallery\/avant-apres\/20191006_165435_001-1600\/\" data-url=\"http:\/\/ombrepatine.com\/wp-content\/uploads\/2020\/06\/20191006_165435_001-1600.jpg\" data-width=\"1600\" src=\"https:\/\/i0.wp.com\/ombrepatine.com\/wp-content\/uploads\/2020\/06\/20191006_165435_001-1600.jpg?resize=1600%2C1600\" data-amp-layout=\"responsive\"\/><\/figure><\/div><div class=\"tiled-gallery__col\"><figure class=\"tiled-gallery__item\"><img srcset=\"https:\/\/i2.wp.com\/ombrepatine.com\/wp-content\/uploads\/2019\/10\/53186717_385436068954568_1758850749082632192_n.jpg?resize=600,600&#038;strip=info 600w,https:\/\/i2.wp.com\/ombrepatine.com\/wp-content\/uploads\/2019\/10\/53186717_385436068954568_1758850749082632192_n.jpg?resize=720,720&#038;strip=info 720w\" alt=\"\" data-height=\"960\" data-id=\"42\" data-link=\"http:\/\/ombrepatine.com\/index.php\/contact\/53186717_385436068954568_1758850749082632192_n\/\" data-url=\"http:\/\/ombrepatine.com\/wp-content\/uploads\/2019\/10\/53186717_385436068954568_1758850749082632192_n.jpg\" data-width=\"720\" src=\"https:\/\/i2.wp.com\/ombrepatine.com\/wp-content\/uploads\/2019\/10\/53186717_385436068954568_1758850749082632192_n.jpg?resize=720%2C720\" data-amp-layout=\"responsive\"\/><\/figure><\/div><div class=\"tiled-gallery__col\"><figure class=\"tiled-gallery__item\"><img srcset=\"https:\/\/i2.wp.com\/ombrepatine.com\/wp-content\/uploads\/2020\/06\/DSC06393-1600.jpg?resize=600,600&#038;strip=info 600w,https:\/\/i2.wp.com\/ombrepatine.com\/wp-content\/uploads\/2020\/06\/DSC06393-1600.jpg?resize=900,900&#038;strip=info 900w,https:\/\/i2.wp.com\/ombrepatine.com\/wp-content\/uploads\/2020\/06\/DSC06393-1600.jpg?resize=1200,1200&#038;strip=info 1200w\" alt=\"\" data-height=\"1200\" data-id=\"153\" data-link=\"http:\/\/ombrepatine.com\/index.php\/rl_gallery\/avant-apres\/dsc06393-1600\/\" data-url=\"http:\/\/ombrepatine.com\/wp-content\/uploads\/2020\/06\/DSC06393-1600.jpg\" data-width=\"1600\" src=\"https:\/\/i2.wp.com\/ombrepatine.com\/wp-content\/uploads\/2020\/06\/DSC06393-1600.jpg?resize=1200%2C1200\" data-amp-layout=\"responsive\"\/><\/figure><\/div><div class=\"tiled-gallery__col\"><figure class=\"tiled-gallery__item\"><img srcset=\"https:\/\/i1.wp.com\/ombrepatine.com\/wp-content\/uploads\/2020\/06\/Buffet-2-portes-annes-50-21-1600.jpg?resize=600,600&#038;strip=info 600w,https:\/\/i1.wp.com\/ombrepatine.com\/wp-content\/uploads\/2020\/06\/Buffet-2-portes-annes-50-21-1600.jpg?resize=900,900&#038;strip=info 900w,https:\/\/i1.wp.com\/ombrepatine.com\/wp-content\/uploads\/2020\/06\/Buffet-2-portes-annes-50-21-1600.jpg?resize=1200,1200&#038;strip=info 1200w\" alt=\"\" data-height=\"1200\" data-id=\"145\" data-link=\"http:\/\/ombrepatine.com\/index.php\/rl_gallery\/avant-apres\/buffet-2-portes-annes-50-21-1600\/\" data-url=\"http:\/\/ombrepatine.com\/wp-content\/uploads\/2020\/06\/Buffet-2-portes-annes-50-21-1600.jpg\" data-width=\"1600\" src=\"https:\/\/i1.wp.com\/ombrepatine.com\/wp-content\/uploads\/2020\/06\/Buffet-2-portes-annes-50-21-1600.jpg?resize=1200%2C1200\" data-amp-layout=\"responsive\"\/><\/figure><\/div><\/div><\/div><\/div>\n","protected":false},"excerpt":{"rendered":"<p>Patines et peintures 100 % naturelles, Cire d&rsquo;abeille faite maison, Peintures personnalisables avec une large gamme de couleurs, Relooking, Petite Restauration, Large choix de projets d\u00e9coratifs, Techniques actuelles comme du XVIII\u00e8me, Imitations de mati\u00e8res, &#8230; Stages Programmation \u00e0 venir&#8230;<\/p>\n","protected":false},"author":1,"featured_media":0,"parent":0,"menu_order":2,"comment_status":"closed","ping_status":"closed","template":"","meta":{"_monsterinsights_skip_tracking":false,"_monsterinsights_sitenote_active":false,"_monsterinsights_sitenote_note":"","_monsterinsights_sitenote_category":0,"spay_email":""},"jetpack_sharing_enabled":true,"_links":{"self":[{"href":"https:\/\/ombrepatine.com\/index.php\/wp-json\/wp\/v2\/pages\/95"}],"collection":[{"href":"https:\/\/ombrepatine.com\/index.php\/wp-json\/wp\/v2\/pages"}],"about":[{"href":"https:\/\/ombrepatine.com\/index.php\/wp-json\/wp\/v2\/types\/page"}],"author":[{"embeddable":true,"href":"https:\/\/ombrepatine.com\/index.php\/wp-json\/wp\/v2\/users\/1"}],"replies":[{"embeddable":true,"href":"https:\/\/ombrepatine.com\/index.php\/wp-json\/wp\/v2\/comments?post=95"}],"version-history":[{"count":13,"href":"https:\/\/ombrepatine.com\/index.php\/wp-json\/wp\/v2\/pages\/95\/revisions"}],"predecessor-version":[{"id":267,"href":"https:\/\/ombrepatine.com\/index.php\/wp-json\/wp\/v2\/pages\/95\/revisions\/267"}],"wp:attachment":[{"href":"https:\/\/ombrepatine.com\/index.php\/wp-json\/wp\/v2\/media?parent=95"}],"curies":[{"name":"wp","href":"https:\/\/api.w.org\/{rel}","templated":true}]}}